f 22033?
3
What is the thousands digit of 20496?
0
What is the thousands digit of 1250?
1
What is the hundreds digit of 51957?
9
What is the tens digit of 3329?
2
What is the units digit of 2180?
0
What is the tens digit of 9734?
3
What is the tens digit of 872?
7
What is the thousands digit of 9981?
9
What is the tens digit of 4403?
0
What is the units digit of 1625?
5
What is the thousands digit of 103465?
3
What is the tens digit of 1351?
5
What is the hundreds digit of 419?
4
What is the units digit of 801?
1
What is the tens digit of 1804?
0
What is the thousands digit of 3215?
3
What is the units digit of 11252?
2
What is the ten thousands digit of 30965?
3
What is the hundreds digit of 7269?
2
What is the hundreds digit of 13541?
5
What is the hundreds digit of 4238?
2
What is the units digit of 15056?
6
What is the hundreds digit of 1332?
3
What is the tens digit of 212?
1
What is the tens digit of 4976?
7
What is the units digit of 263?
3
What is the hundreds digit of 493?
4
What is the thousands digit of 18537?
8
What is the thousands digit of 4173?
4
What is the units digit of 172?
2
What is the tens digit of 343?
4
What is the units digit of 60575?
5
What is the tens digit of 92204?
0
What is the tens digit of 40799?
9
What is the thousands digit of 92631?
2
What is the hundreds digit of 6373?
3
What is the thousands digit of 1033?
1
What is the units digit of 4174?
4
What is the thousands digit of 9506?
9
What is the thousands digit of 46152?
6
What is the units digit of 131158?
8
What is the units digit of 28038?
8
What is the hundreds digit of 540?
5
What is the units digit of 136?
6
What is the hundreds digit of 15560?
5
What is the ten thousands digit of 19736?
1
What is the hundreds digit of 644?
6
What is the hundreds digit of 70533?
5
What is the hundreds digit of 5902?
9
What is the tens digit of 73592?
9
What is the tens digit of 4686?
8
What is the thousands digit of 12591?
2
What is the thousands digit of 31292?
1
What is the units digit of 1184?
4
What is the units digit of 29114?
4
What is the thousands digit of 5813?
5
What is the ten thousands digit of 18689?
1
What is the units digit of 65?
5
What is the hundreds digit of 599?
5
What is the thousands digit of 1214?
1
What is the units digit of 23624?
4
What is the hundreds digit of 606?
6
What is the hundreds digit of 776?
7
What is the units digit of 10222?
2
What is the thousands digit of 100270?
0
What is the thousands digit of 2271?
2
What is the tens digit of 826?
2
What is the thousands digit of 5411?
5
What is the tens digit of 824?
2
What is the thousands digit of 1045?
1
What is the units digit of 101370?
0
What is the hundreds digit of 589?
5
What is the thousands digit of 1809?
1
What is the thousands digit of 7619?
7
What is the thousands digit of 38119?
8
What is the tens digit of 193?
9
What is the units digit of 18008?
8
What is the tens digit of 861?
6
What is the thousands digit of 1412?
1
What is the ten thousands digit of 26532?
2
What is the tens digit of 34853?
5
What is the hundreds digit of 24321?
3
What is the thousands digit of 2619?
2
What is the units digit of 17494?
4
What is the tens digit of 5396?
9
What is the hundreds digit of 104?
1
What is the units digit of 92?
2
What is the thousands digit of 41357?
1
What is the tens digit of 3248?
4
What is the tens digit of 13618?
1
What is the ten thousands digit of 34784?
3
What is the tens digit of 10881?
8
What is the units digit of 91726?
6
What is the units digit of 736?
6
What is the units digit of 1160?
0
What is the hundreds digit of 6340?
3
What is the thousands digit of 2082?
2
What is the units digit of 49240?
0
What is the units digit of 727?
7
What is the tens digit of 444?
4
What is the hundreds digit of 829?
8
What is the tens digit of 313?
1
What is the thousands digit of 3797?
3
What is the units digit of 21438?
8
What is the thousands digit of 6423?
6
What is the tens digit of 12046?
4
What is the hundreds digit of 9375?
3
What is the units digit of 33503?
3
What is the units digit of 125?
5
What is the units digit of 18428?
8
What is the ten thousands digit of 28190?
2
What is the thousands digit of 36913?
6
What is the tens digit of 2298?
9
What is the ten thousands digit of 46332?
4
What is the thousands digit of 6262?
6
What is the units digit of 81748?
8
What is the hundreds digit of 1936?
9
What is the tens digit of 7405?
0
What is the thousands digit of 6203?
6
What is the units digit of 9857?
7
What is the tens digit of 1464?
6
What is the thousands digit of 1025?
1
What is the hundreds digit of 25974?
9
What is the units digit of 206?
6
What is the hundreds digit of 89414?
4
What is the units digit of 2121?
1
What is the units digit of 16319?
9
What is the thousands digit of 1016?
1
What is the tens digit of 9296?
9
What is the hundreds digit of 1385?
3
What is the hundreds digit of 56126?
1
What is the tens digit of 1951?
5
What is the hundreds digit of 9585?
5
What is the ten thousands digit of 74325?
7
What is the units digit of 5555?
5
What is the tens digit of 143793?
9
What is the thousands digit of 5633?
5
What is the hundreds digit of 4777?
7
What is the hundreds digit of 14621?
6
What is the units digit of 3337?
7
What is the thousands digit of 39553?
9
What is the hundreds digit of 9287?
2
What is the units digit of 4825?
5
What is the units digit of 17847?
7
What is the units digit of 1724?
4
What is the hundreds digit of 289?
2
What is the hundreds digit of 380?
3
What is the thousands digit of 13698?
3
What is the units digit of 3849?
9
What is the tens digit of 423?
2
What is the hundreds digit of 2211?
2
What is the thousands digit of 17833?
7
What is the ten thousands digit of 57212?
5
What is the thousands digit of 2753?
2
What is the thousands digit of 2283?
2
What is the units digit of 1990?
0
What is the tens digit of 1971?
7
What is the hundreds digit of 106?
1
What is the thousands digit of 102924?
2
What is the ten thousands digit of 16762?
1
What is the thousands digit of 24277?
4
What is the tens digit of 81119?
1
What is the tens digit of 3876?
7
What is the hundreds digit of 2826?
8
What is the units digit of 4863?
3
What is the thousands digit of 14299?
4
What is the ten thousands digit of 14021?
1
What is the units digit of 52?
2
What is the ten thousands digit of 15408?
1
What is the tens digit of 4788?
8
What is the tens digit of 1077?
7
What is the tens digit of 6195?
9
What is the ten thousands digit of 10711?
1
What is the tens digit of 23635?
3
What is the ten thousands digit of 10329?
1
What is the hundreds digit of 1711?
7
What is the tens digit of 32305?
0
What is the tens digit of 2158?
5
What is the tens digit of 2039?
3
What is the thousands digit of 4931?
4
What is the hundreds digit of 1254?
2
What is the tens digit of 13765?
6
What is the units digit of 1341?
1
What is the tens digit of 577?
7
What is the hundreds digit of 962?
9
What is the tens digit of 11?
1
What is the hundreds digit of 1541?
5
What is the thousands digit of 5458?
5
What is the hundreds digit of 2479?
4
What is the hundreds digit of 1102?
1
What is the thousands digit of 5690?
5
What is the hundreds digit of 3863?
8
What is the hundreds digit of 838?
8
What is the units digit of 1221?
1
What is the tens digit of 7245?
4
What is the tens digit of 22659?
5
What is the tens digit of 43654?
5
What is the thousands digit of 1046?
1
What is the hundreds digit of 52936?
9
What is the hundreds digit of 54144?
1
What is the thousands digit of 6620?
6
What is the ten thousands digit of 17672?
1
What is the units digit of 1405?
5
What is the thousands digit of 4593?
4
What is the hundreds digit of 380?
3
What is the ten thousands digit of 34602?
3
What is the units digit of 663?
3
What is the units digit of 66972?
2
What is the thousands digit of 68291?
8
What is the units digit of 5286?
6
What is the units digit of 8654?
4
What is the tens digit of 33022?
2
What is the tens digit of 234?
3
What is the units digit of 1471?
1
What is the ten thousands digit of 38099?
3
What is the hundreds digit of 1182?
1
What is the tens digit of 415?
1
What is the hundreds digit of 7059?
0
What is the hundreds digit of 951?
9
What is the tens digit of 1855?
5
What is the t